s 5320 a multiple of 75?
False
Is 474 a multiple of 29?
False
Does 23 divide 4648?
False
Is 18871 a multiple of 113?
True
Is 28 a factor of 4928?
True
Is 1008 a multiple of 24?
True
Is 20 a factor of 662?
False
Is 64 a factor of 5637?
False
Does 167 divide 38410?
True
Does 12 divide 2522?
False
Is 3708 a multiple of 36?
True
Is 65 a multiple of 16?
False
Is 34 a factor of 646?
True
Is 3060 a multiple of 4?
True
Does 95 divide 10946?
False
Is 85 a factor of 1577?
False
Is 16 a factor of 128?
True
Is 53 a multiple of 15?
False
Does 14 divide 8778?
True
Does 3 divide 1664?
False
Is 16 a factor of 1730?
False
Is 3780 a multiple of 63?
True
Is 16 a factor of 8160?
True
Is 57 a factor of 2778?
False
Does 9 divide 477?
True
Is 7248 a multiple of 8?
True
Is 726 a multiple of 33?
True
Is 48 a factor of 80544?
True
Is 10 a factor of 25?
False
Is 6320 a multiple of 80?
True
Is 2372 a multiple of 15?
False
Does 64 divide 2304?
True
Is 20 a factor of 840?
True
Does 18 divide 372?
False
Is 36 a factor of 3592?
False
Is 15 a factor of 1694?
False
Does 8 divide 1102?
False
Is 8 a factor of 392?
True
Is 27 a factor of 35792?
False
Is 14 a factor of 2870?
True
Is 704 a multiple of 44?
True
Is 535 even?
False
Does 10 divide 1900?
True
Is 4 a factor of 134?
False
Does 27 divide 25532?
False
Is 19 a factor of 897?
False
Does 21 divide 72?
False
Is 9 a factor of 6156?
True
Is 569 a multiple of 12?
False
Is 184 a multiple of 5?
False
Is 12 a factor of 1980?
True
Is 728 a multiple of 26?
True
Is 7989 a multiple of 160?
False
Is 45 a factor of 2340?
True
Is 26 a factor of 2754?
False
Does 126 divide 4032?
True
Is 4554 a multiple of 99?
True
Does 21 divide 403?
False
Is 21 a factor of 2331?
True
Is 4 a factor of 192?
True
Does 15 divide 12037?
False
Is 1863 a multiple of 69?
True
Does 74 divide 296?
True
Does 18 divide 2759?
False
Is 15 a factor of 1331?
False
Does 9 divide 459?
True
Is 14 a factor of 197?
False
Is 2 a factor of 1473?
False
Is 7 a factor of 26085?
False
Is 826 a multiple of 11?
False
Is 25 a factor of 51622?
False
Does 93 divide 6186?
False
Is 4783 a multiple of 6?
False
Is 660 a multiple of 12?
True
Is 14 a factor of 4116?
True
Is 11 a factor of 13107?
False
Does 25 divide 62450?
True
Is 8023 a multiple of 125?
False
Is 60 a factor of 4560?
True
Is 1430 a multiple of 13?
True
Is 14 a factor of 3934?
True
Does 7 divide 6146?
True
Is 9 a factor of 18329?
False
Does 15 divide 141?
False
Is 6262 a multiple of 202?
True
Does 52 divide 968?
False
Is 399 a multiple of 38?
False
Does 17 divide 5161?
False
Does 110 divide 74140?
True
Does 143 divide 40326?
True
Is 3100 a multiple of 50?
True
Is 8 a factor of 60920?
True
Is 391 a multiple of 9?
False
Is 1148 a multiple of 33?
False
Does 313 divide 16589?
True
Is 4628 a multiple of 26?
True
Is 188 a multiple of 11?
False
Does 48 divide 4155?
False
Does 22 divide 1034?
True
Does 13 divide 12782?
False
Is 19 a factor of 2223?
True
Is 57 a factor of 9117?
False
Is 105 a factor of 6849?
False
Does 30 divide 98976?
False
Is 5 a factor of 387?
False
Does 24 divide 648?
True
Is 418 a multiple of 22?
True
Is 5978 a multiple of 49?
True
Is 41 a factor of 4059?
True
Is 410 a multiple of 82?
True
Is 627 a multiple of 25?
False
Is 2 a factor of 87?
False
Does 26 divide 6730?
False
Is 289 a factor of 50573?
False
Is 5439 a multiple of 21?
True
Does 13 divide 598?
True
Is 25 a factor of 15275?
True
Does 12 divide 6784?
False
Is 9648 a multiple of 36?
True
Does 16 divide 8095?
False
Does 13 divide 65?
True
Is 13 a factor of 663?
True
Does 38 divide 687?
False
Does 63 divide 2930?
False
Is 5096 a multiple of 14?
True
Is 12 a factor of 32043?
False
Is 27 a factor of 3074?
False
Is 3056 a multiple of 16?
True
Is 15 a multiple of 3?
True
Does 115 divide 5162?
False
Is 7 a factor of 12316?
False
Does 6 divide 3906?
True
Is 3 a factor of 993?
True
Does 243 divide 62303?
False
Is 231 a factor of 88656?
False
Is 12 a factor of 768?
True
Is 28 a factor of 420?
True
Is 17 a factor of 2363?
True
Is 6418 a multiple of 3?
False
Is 81 a factor of 1215?
True
Is 7979 a multiple of 22?
False
Does 6 divide 26772?
True
Is 14 a factor of 1736?
True
Does 8 divide 514?
False
Is 28 a factor of 252?
True
Is 4316 a multiple of 52?
True
Is 811 a multiple of 6?
False
Is 97601 a multiple of 31?
False
Does 46 divide 1794?
True
Does 9 divide 1476?
True
Is 6 a factor of 2436?
True
Is 7 a factor of 791?
True
Is 432 a multiple of 7?
False
Is 55 a factor of 24406?
False
Is 12 a factor of 1644?
True
Is 17 a factor of 399?
False
Is 263 a multiple of 69?
False
Is 16 a factor of 17776?
True
Is 972 a multiple of 22?
False
Is 7 a factor of 718?
False
Is 21355 a multiple of 5?
True
Does 132 divide 187176?
True
Does 7 divide 59131?
False
Is 4122 a multiple of 6?
True
Is 3102 a multiple of 94?
True
Is 7 a factor of 2233?
True
Is 23 a factor of 603?
False
Does 9 divide 2844?
True
Does 2 divide 2594?
True
Is 62260 a multiple of 283?
True
Is 3774 a multiple of 34?
True
Is 337 even?
False
Does 49 divide 7938?
True
Is 117 a multiple of 53?
False
Is 20 a factor of 249?
False
Is 54 a factor of 20859?
False
Is 1328 a multiple of 3?
False
Does 7 divide 258?
False
Is 330 a multiple of 66?
True
Does 11 divide 99?
True
Is 79 a factor of 1580?
True
Does 9 divide 51708?
False
Is 3895 a multiple of 41?
True
Is 102 a factor of 101066?
False
Does 112 divide 2097?
False
Does 2 divide 139?
False
Is 4 a factor of 26?
False
Is 42 a factor of 19656?
True
Is 87 a factor of 2720?
False
Is 39 a factor of 2145?
True
Does 121 divide 9196?
True
Is 5184 a multiple of 72?
True
Does 10 divide 140?
True
Does 45 divide 517?
False
Is 1704 a multiple of 6?
True
Is 1373 a multiple of 23?
False
Is 3 a factor of 50?
False
Is 19890 a multiple of 18?
True
Does 53 divide 98381?
False
Is 23 a factor of 651?
False
Is 136 a factor of 28696?
True
Is 29 a factor of 7438?
False
Is 3 a factor of 360?
True
Is 12918 a multiple of 5?
False
Does 46 divide 2576?
True
Is 17 a factor of 1088?
True
Is 3 a factor of 14820?
True
Is 126 a factor of 4788?
True
Is 9864 a multiple of 24?
True
Is 9 a factor of 1332?
True
Does 18 divide 3402?
True
Is 19 a factor of 711?
False
Is 6034 a multiple of 14?
True
Is 669 a multiple of 7?
False
Is 1151 a multiple of 5?
False
Is 124 a factor of 1116?
True
Does 7 divide 4340?
True
Is 29041 a multiple of 57?
False
Is 63 a factor of 819?
True
Is 4 a factor of 149?
False
Is 424 a multiple of 4?
True
Is 7981 a multiple of 133?
False
Is 1185 a multiple of 15?
True
Is 154 a factor of 24332?
True
Is 61 a multiple of 12?
False
Is 9 a factor of 341?
False
Is 33 a factor of 1794?
False
Does 37 divide 6845?
True
Is 23607 a multiple of 43?
True
Is 368 a factor of 2208?
True
Is 95 a factor of 3109?
False
Does 21 divide 903?
True
Is 16 a factor of 1408?
True
Is 1792 a multiple of 32?
True
Is 47732 a multiple of 23?
False
Is 20 a factor of 3560?
True
Is 1001 a multiple of 3?
False
Does 11 divide 4675?
True
Is 64 a factor of 12237?
False
Is 1352 a multiple of 32?
False
Is 21 a factor of 5302?
False
Does 13 divide 146742?
False
Is 46 a factor of 3312?
True
Does 11 divide 8107?
True
Is 128 a multiple of 19?
False
Does 34 divide 1346?
False
Is 7 a factor of 266?
True
Is 304 a multiple of 8?
True
Is 5393 a multiple of 10?
False
Is 4411 a multiple of 37?
False
Is 15 a factor of 195?
True
Is 33 a factor of 924?
True
Is 25220 a multiple of 97?
True
Is 5734 a multiple of 148?
False
Does 4 divide 1020?
True
Is 23819 a multiple of 61?
False
Does 7 divide 4998?
True
Does 85 divide 6630?
True
Does 7 divide 105?
True
Is 985 a multiple of 5?
True
Is 9 a factor of 659?
False
Is 12 a factor of 13068?
True
Is 224 a factor of 67397?
False
Does 14 divide 27594?
True
Is 137308 a multiple of 72?
False
Is 355 a factor of 18460?
True
Is 80 a factor of 3520?
True
Is 2004 a multiple of 12?
True
Does 21 divide 12922?
False
Is 770 a multiple of 21?
False
Is 25157 a multiple of 14?
False
Is 34 a factor of 204?
True
Does 7 divide 11073?
False
Is 5 a factor of 4260?
True
Is 1104 a multiple of 48?
True
Does 5 divide 2700?
True
Is 8 a factor of 3536?
True
Does 6 divide 1320?
True
Does 39 divide 195?
True
Does 14 divide 2568?
False
Does 21 divide 21084?
True
Is 8 a factor of 1648?
True
Does 128 divide 63342?
False
Is 9 a factor of 1728